{"id":7,"date":"2015-10-05T09:22:25","date_gmt":"2015-10-05T07:22:25","guid":{"rendered":"https:\/\/www.schreibkurse.ch\/?page_id=7"},"modified":"2025-02-03T11:23:45","modified_gmt":"2025-02-03T10:23:45","slug":"willkommen-bei-mir","status":"publish","type":"page","link":"https:\/\/www.schreibkurse.ch\/","title":{"rendered":"Anfang"},"content":{"rendered":"\n<h1 class=\"wp-block-heading has-text-align-center\">Willkommen auf schreibkurse.ch<\/h1>\n\n\n\n<hr class=\"wp-block-separator has-css-opacity is-style-default\"\/>\n\n\n<p class=\"p3\"><a href=\"http:\/\/www.schreibkurse.ch\/wp-content\/uploads\/2015\/10\/DSCN2948.jpg\"><img loading=\"lazy\" decoding=\"async\" class=\"aligncenter size-large wp-image-43\" src=\"http:\/\/www.schreibkurse.ch\/wp-content\/uploads\/2015\/10\/DSCN2948-1024x218.jpg\" alt=\"DSCN2948\" width=\"1024\" height=\"218\" srcset=\"https:\/\/www.schreibkurse.ch\/wp-content\/uploads\/2015\/10\/DSCN2948-1024x218.jpg 1024w, https:\/\/www.schreibkurse.ch\/wp-content\/uploads\/2015\/10\/DSCN2948-300x64.jpg 300w\" sizes=\"auto, (max-width: 1024px) 100vw, 1024px\" \/><\/a><\/p>\n<p style=\"text-align: center;\">Etwas m\u00f6chte ich ihnen gerne sagen &#8211; Sch\u00f6nschreiben kann Jede \/r, doch Ausdauer und Fleiss sind gute Voraussetzungen f\u00fcr kalligraphischen Erfolg!<\/p>\n<p style=\"text-align: center;\">Geduld, ein stiller Geist und K\u00f6nnen stellen sich nach und nach ein. Erfahren Sie selbst, dass Sch\u00f6nschreiben ein umfassendes, im Alltag \u00fcberall anwendbares Thema ist.<br \/>Freude beginnt mit dem Gedanken Freude zu bereiten! Kalligraphisch l\u00e4sst sich diese Wahrheit wundervoll ausdr\u00fccken.<\/p>\n<p style=\"text-align: center;\">Lassen Sie sich \u00fcberraschen!<br \/>Danke f\u00fcr Ihren Besuch<\/p>\n<p class=\"p1\" style=\"text-align: center;\">Iris Gerber<\/p>\n\n<div class=\"wp-block-image is-style-default\">\n<figure class=\"aligncenter size-large is-resized\"><img loading=\"lazy\" decoding=\"async\" width=\"1024\" height=\"768\" src=\"http:\/\/www.schreibkurse.ch\/wp-content\/uploads\/2020\/02\/DSCN0947-2-1024x768.jpeg\" alt=\"\" class=\"wp-image-1363\" style=\"width:421px\" srcset=\"https:\/\/www.schreibkurse.ch\/wp-content\/uploads\/2020\/02\/DSCN0947-2-1024x768.jpeg 1024w, https:\/\/www.schreibkurse.ch\/wp-content\/uploads\/2020\/02\/DSCN0947-2-300x225.jpeg 300w, https:\/\/www.schreibkurse.ch\/wp-content\/uploads\/2020\/02\/DSCN0947-2-768x576.jpeg 768w, https:\/\/www.schreibkurse.ch\/wp-content\/uploads\/2020\/02\/DSCN0947-2-1536x1152.jpeg 1536w, https:\/\/www.schreibkurse.ch\/wp-content\/uploads\/2020\/02\/DSCN0947-2-2048x1536.jpeg 2048w, https:\/\/www.schreibkurse.ch\/wp-content\/uploads\/2020\/02\/DSCN0947-2-1020x765.jpeg 1020w\" sizes=\"auto, (max-width: 1024px) 100vw, 1024px\" \/><\/figure>\n<\/div>\n\n\n<p class=\"wp-block-paragraph\"><\/p>\n","protected":false},"excerpt":{"rendered":"<p>Willkommen auf schreibkurse.ch Etwas m\u00f6chte ich ihnen gerne sagen &#8211; Sch\u00f6nschreiben kann Jede \/r, doch Ausdauer und Fleiss sind gute Voraussetzungen f\u00fcr kalligraphischen Erfolg! Geduld, ein stiller Geist und K\u00f6nnen stellen sich nach und nach ein. Erfahren Sie selbst, dass Sch\u00f6nschreiben ein umfassendes, im Alltag \u00fcberall anwendbares Thema ist.Freude beginnt mit dem Gedanken Freude zu [&hellip;]<\/p>\n","protected":false},"author":2,"featured_media":0,"parent":0,"menu_order":0,"comment_status":"closed","ping_status":"closed","template":"","meta":{"_crdt_document":"","footnotes":""},"class_list":["post-7","page","type-page","status-publish","hentry"],"jetpack_sharing_enabled":true,"_links":{"self":[{"href":"https:\/\/www.schreibkurse.ch\/index.php?rest_route=\/wp\/v2\/pages\/7","targetHints":{"allow":["GET"]}}],"collection":[{"href":"https:\/\/www.schreibkurse.ch\/index.php?rest_route=\/wp\/v2\/pages"}],"about":[{"href":"https:\/\/www.schreibkurse.ch\/index.php?rest_route=\/wp\/v2\/types\/page"}],"author":[{"embeddable":true,"href":"https:\/\/www.schreibkurse.ch\/index.php?rest_route=\/wp\/v2\/users\/2"}],"replies":[{"embeddable":true,"href":"https:\/\/www.schreibkurse.ch\/index.php?rest_route=%2Fwp%2Fv2%2Fcomments&post=7"}],"version-history":[{"count":3,"href":"https:\/\/www.schreibkurse.ch\/index.php?rest_route=\/wp\/v2\/pages\/7\/revisions"}],"predecessor-version":[{"id":1743,"href":"https:\/\/www.schreibkurse.ch\/index.php?rest_route=\/wp\/v2\/pages\/7\/revisions\/1743"}],"wp:attachment":[{"href":"https:\/\/www.schreibkurse.ch\/index.php?rest_route=%2Fwp%2Fv2%2Fmedia&parent=7"}],"curies":[{"name":"wp","href":"https:\/\/api.w.org\/{rel}","templated":true}]}}